808 is divided by 1800.
8
Calculate the remainder when 5950866 is divided by 154.
152
Calculate the remainder when 576 is divided by 59.
45
Calculate the remainder when 59640 is divided by 423.
420
Calculate the remainder when 44797 is divided by 3.
1
What is the remainder when 404345 is divided by 7?
4
What is the remainder when 2615 is divided by 65?
15
What is the remainder when 1152 is divided by 775?
377
What is the remainder when 9988 is divided by 32?
4
What is the remainder when 59290 is divided by 19738?
76
What is the remainder when 814 is divided by 265?
19
What is the remainder when 23104 is divided by 108?
100
Calculate the remainder when 8373 is divided by 311.
287
What is the remainder when 73239 is divided by 24361?
156
Calculate the remainder when 20105 is divided by 10048.
9
What is the remainder when 544235 is divided by 1178?
1177
Calculate the remainder when 1497 is divided by 48.
9
What is the remainder when 22804 is divided by 11394?
16
Calculate the remainder when 24510 is divided by 422.
34
Calculate the remainder when 472203 is divided by 1418.
9
Calculate the remainder when 10113 is divided by 4284.
1545
Calculate the remainder when 7130 is divided by 25.
5
What is the remainder when 40989 is divided by 803?
36
Calculate the remainder when 84906 is divided by 6063.
24
What is the remainder when 330549 is divided by 110181?
6
Calculate the remainder when 62909 is divided by 28.
21
What is the remainder when 197783 is divided by 12?
11
Calculate the remainder when 11132 is divided by 116.
112
Calculate the remainder when 88263 is divided by 88256.
7
What is the remainder when 1899 is divided by 962?
937
Calculate the remainder when 2354 is divided by 5.
4
What is the remainder when 3852 is divided by 1258?
78
What is the remainder when 3154 is divided by 81?
76
What is the remainder when 25577 is divided by 400?
377
What is the remainder when 112 is divided by 110?
2
Calculate the remainder when 176624 is divided by 125.
124
What is the remainder when 562019 is divided by 1479?
1478
Calculate the remainder when 49855 is divided by 9940.
155
Calculate the remainder when 139984 is divided by 1628.
1604
Calculate the remainder when 32001 is divided by 37.
33
Calculate the remainder when 12020 is divided by 755.
695
Calculate the remainder when 51413 is divided by 496.
325
Calculate the remainder when 55127 is divided by 22.
17
Calculate the remainder when 12224 is divided by 366.
146
What is the remainder when 4039 is divided by 1933?
173
What is the remainder when 14862 is divided by 27?
12
Calculate the remainder when 144740 is divided by 106.
50
What is the remainder when 6928 is divided by 35?
33
Calculate the remainder when 5788 is divided by 4.
0
What is the remainder when 28205 is divided by 74?
11
What is the remainder when 3034405 is divided by 163?
160
What is the remainder when 14129 is divided by 14111?
18
Calculate the remainder when 15602 is divided by 5189.
35
What is the remainder when 98524 is divided by 32?
28
What is the remainder when 695356 is divided by 162?
52
What is the remainder when 225 is divided by 56?
1
Calculate the remainder when 6385 is divided by 492.
481
What is the remainder when 7605 is divided by 173?
166
Calculate the remainder when 30115 is divided by 30113.
2
What is the remainder when 19755 is divided by 89?
86
Calculate the remainder when 1206092 is divided by 40.
12
What is the remainder when 6207 is divided by 774?
15
What is the remainder when 74148 is divided by 22?
8
Calculate the remainder when 111195 is divided by 186.
153
What is the remainder when 36030 is divided by 3999?
39
Calculate the remainder when 20353 is divided by 20256.
97
Calculate the remainder when 1531 is divided by 115.
36
Calculate the remainder when 10870 is divided by 5360.
150
Calculate the remainder when 11503 is divided by 153.
28
What is the remainder when 574 is divided by 19?
4
What is the remainder when 70613 is divided by 120?
53
What is the remainder when 255087 is divided by 201?
18
Calculate the remainder when 13427 is divided by 200.
27
What is the remainder when 10653802 is divided by 1206?
1204
Calculate the remainder when 52064 is divided by 343.
271
Calculate the remainder when 6039 is divided by 358.
311
Calculate the remainder when 5676 is divided by 2457.
762
What is the remainder when 384554 is divided by 110?
104
Calculate the remainder when 1595268 is divided by 10.
8
What is the remainder when 25166 is divided by 12488?
190
What is the remainder when 4857 is divided by 2084?
689
Calculate the remainder when 31702 is divided by 360.
22
What is the remainder when 620591 is divided by 26?
23
What is the remainder when 617523 is divided by 754?
751
What is the remainder when 11935 is divided by 3809?
508
What is the remainder when 54898 is divided by 9135?
88
Calculate the remainder when 669 is divided by 130.
19
What is the remainder when 215994 is divided by 216?
210
What is the remainder when 12192 is divided by 3048?
0
Calculate the remainder when 13224 is divided by 252.
120
Calculate the remainder when 109 is divided by 15.
4
Calculate the remainder when 210222 is divided by 12.
6
Calculate the remainder when 6588 is divided by 112.
92
Calculate the remainder when 38491 is divided by 1246.
1111
What is the remainder when 83687 is divided by 1418?
25
Calculate the remainder when 67545 is divided by 92.
17
Calculate the remainder when 655704 is divided by 3183.
6
What is the remainder when 4632 is divided by 57?
15
What is the remainder when 10136 is divided by 5019?
98
Calculate the remainder when 26661 is divided by 26635.
26
Calculate the remainder when 515 is divided by 232.
51
What is the remainder when 2867996 is divided by 34?
28
Calculate the remainder when 23830 is divided by 2647.
7
Calculate the remainder when 954525 is divided by 244.
241
Calculate the remainder when 297068 is divided by 99015.
23
What is the remainder when 91 is divided by 55?
36
Calculate the remainder when 1073 is divided by 501.
71
What is the remainder when 160684 is divided by 291?
52
What is the remainder when 1078 is divided by 565?
513
What is the remainder when 5693 is divided by 3?
2
Calculate the remainder when 740430 is divided by 11051.
13
Calculate the remainder when 56691 is divided by 201.
9
What is the remainder when 41468 is divided by 13?
11
Calculate the remainder when 571 is divided by 70.
11
What is the remainder when 301288 is divided by 24?
16
What is the remainder when 289272 is divided by 30?
12
Calculate the remainder when 1248 is divided by 326.
270
Calculate the remainder when 16490 is divided by 8241.
8
What is the remainder when 218921 is divided by 47?
42
What is the remainder when 9868 is divided by 1058?
346
Calculate the remainder when 2328 is divided by 42.
18
Calculate the remainder when 1902 is divided by 78.
30
Calculate the remainder when 395253 is divided by 5067.
27
Calculate the remainder when 4132 is divided by 46.
38
What is the remainder when 110064 is divided by 143?
97
What is the remainder when 9706 is divided by 461?
25
Calculate the remainder when 1223 is divided by 1113.
110
Calculate the remainder when 467097 is divided by 75.
72
What is the remainder when 874908 is divided by 59?
56
Calculate the remainder when 46509 is divided by 171.
168
Calculate the remainder when 1790 is divided by 2.
0
Calculate the remainder when 359931 is divided by 8180.
11
What is the remainder when 152372 is divided by 5077?
62
What is the remainder when 187580 is divided by 93?
92
What is the remainder when 20003 is divided by 6658?
29
Calculate the remainder when 24350 is divided by 41.
37
Calculate the remainder when 530494 is divided by 288.
286
What is the remainder when 2597 is divided by 423?
59
What is the remainder when 9552 is divided by 209?
147
Calculate the remainder when 1100 is divided by 83.
21
What is the remainder when 10997 is divided by 91?
77
Calculate the remainder when 35972 is divided by 79.
27
What is the remainder when 1203 is divided by 400?
3
Calculate the remainder when 2067 is divided by 81.
42
What is the remainder when 224614 is divided by 360?
334
Calculate the remainder when 40218 is divided by 119.
115
Calculate the remainder when